{"id":525,"date":"2025-12-16T14:12:55","date_gmt":"2025-12-16T13:12:55","guid":{"rendered":"https:\/\/www.thierryjamin.com\/MAPI\/?page_id=525"},"modified":"2026-03-12T06:36:04","modified_gmt":"2026-03-12T05:36:04","slug":"le-mausolee-de-pachacutec","status":"publish","type":"page","link":"https:\/\/www.thierryjamin.com\/MAPI\/le-mausolee-de-pachacutec\/","title":{"rendered":"La petitesse de leurs grandes man\u0153uvres"},"content":{"rendered":"","protected":true},"excerpt":{"rendered":"","protected":true},"author":1,"featured_media":0,"parent":0,"menu_order":5,"comment_status":"closed","ping_status":"closed","template":"","meta":{"_seopress_robots_primary_cat":"","_seopress_titles_title":"Le mausol\u00e9e de Pachacutec - Machu Picchu","_seopress_titles_desc":"Thierry Jamin a \u00e9mis l\u2019hypoth\u00e8se que les cavit\u00e9s souterraines pourraient \u00eatre le mausol\u00e9e de Pachacutec. Les m\u00e9dias d\u00e9nigrent cette hypoth\u00e8se.","_seopress_robots_index":"","iawp_total_views":3,"footnotes":""},"class_list":["post-525","page","type-page","status-publish","post-password-required","hentry"],"_links":{"self":[{"href":"https:\/\/www.thierryjamin.com\/MAPI\/wp-json\/wp\/v2\/pages\/525","targetHints":{"allow":["GET"]}}],"collection":[{"href":"https:\/\/www.thierryjamin.com\/MAPI\/wp-json\/wp\/v2\/pages"}],"about":[{"href":"https:\/\/www.thierryjamin.com\/MAPI\/wp-json\/wp\/v2\/types\/page"}],"author":[{"embeddable":true,"href":"https:\/\/www.thierryjamin.com\/MAPI\/wp-json\/wp\/v2\/users\/1"}],"replies":[{"embeddable":true,"href":"https:\/\/www.thierryjamin.com\/MAPI\/wp-json\/wp\/v2\/comments?post=525"}],"version-history":[{"count":0,"href":"https:\/\/www.thierryjamin.com\/MAPI\/wp-json\/wp\/v2\/pages\/525\/revisions"}],"wp:attachment":[{"href":"https:\/\/www.thierryjamin.com\/MAPI\/wp-json\/wp\/v2\/media?parent=525"}],"curies":[{"name":"wp","href":"https:\/\/api.w.org\/{rel}","templated":true}]}}