{"id":530,"date":"2025-12-16T14:21:32","date_gmt":"2025-12-16T13:21:32","guid":{"rendered":"https:\/\/www.thierryjamin.com\/MAPI\/?page_id=530"},"modified":"2026-03-12T06:36:39","modified_gmt":"2026-03-12T05:36:39","slug":"des-cavites-souterraines","status":"publish","type":"page","link":"https:\/\/www.thierryjamin.com\/MAPI\/des-cavites-souterraines\/","title":{"rendered":"Certains m\u00e9dias changent d&rsquo;attitude"},"content":{"rendered":"","protected":true},"excerpt":{"rendered":"","protected":true},"author":1,"featured_media":0,"parent":0,"menu_order":6,"comment_status":"closed","ping_status":"closed","template":"","meta":{"_seopress_robots_primary_cat":"","_seopress_titles_title":"Les cavit\u00e9s souterraines sous le Temple de Trois Portes","_seopress_titles_desc":"La d\u00e9couverte de cavit\u00e9s souterraines dans le sous-sol du Temple des Trois Portes a suscit\u00e9 de nombreuses publications la plupart pol\u00e9miques.","_seopress_robots_index":"","iawp_total_views":2,"footnotes":""},"class_list":["post-530","page","type-page","status-publish","post-password-required","hentry"],"_links":{"self":[{"href":"https:\/\/www.thierryjamin.com\/MAPI\/wp-json\/wp\/v2\/pages\/530","targetHints":{"allow":["GET"]}}],"collection":[{"href":"https:\/\/www.thierryjamin.com\/MAPI\/wp-json\/wp\/v2\/pages"}],"about":[{"href":"https:\/\/www.thierryjamin.com\/MAPI\/wp-json\/wp\/v2\/types\/page"}],"author":[{"embeddable":true,"href":"https:\/\/www.thierryjamin.com\/MAPI\/wp-json\/wp\/v2\/users\/1"}],"replies":[{"embeddable":true,"href":"https:\/\/www.thierryjamin.com\/MAPI\/wp-json\/wp\/v2\/comments?post=530"}],"version-history":[{"count":0,"href":"https:\/\/www.thierryjamin.com\/MAPI\/wp-json\/wp\/v2\/pages\/530\/revisions"}],"wp:attachment":[{"href":"https:\/\/www.thierryjamin.com\/MAPI\/wp-json\/wp\/v2\/media?parent=530"}],"curies":[{"name":"wp","href":"https:\/\/api.w.org\/{rel}","templated":true}]}}